
34
What is the greatest common factor of 111418 and 2103834?
6554
What is the greatest common divisor of 6220 and 88420?
20
What is the greatest common divisor of 5605998 and 15642?
474
Calculate the greatest common divisor of 2236 and 4055072.
172
What is the greatest common factor of 433976 and 105003046?
6382
Calculate the greatest common divisor of 27244 and 171500.
196
What is the highest common divisor of 3080 and 2028040?
280
Calculate the highest common factor of 35647310 and 13880.
3470
What is the greatest common divisor of 17775086 and 12586?
406
What is the greatest common divisor of 23706 and 1402166?
878
What is the highest common divisor of 576 and 340020?
36
Calculate the greatest common factor of 124 and 79062586.
62
What is the highest common divisor of 144575405 and 365?
365
What is the highest common factor of 9423183 and 385?
77
What is the greatest common factor of 1095939455 and 65?
65
Calculate the greatest common divisor of 43301 and 339359.
1007
Calculate the highest common factor of 413775 and 15525.
675
What is the highest common divisor of 4 and 14722676?
4
What is the greatest common divisor of 527 and 2296139?
527
What is the greatest common divisor of 445775 and 354475?
275
Calculate the greatest common factor of 41143355 and 8998.
4499
What is the greatest common divisor of 33803784 and 168?
168
Calculate the greatest common factor of 15092 and 1043020.
44
Calculate the highest common divisor of 10846 and 250763.
29
What is the highest common factor of 2838 and 96013434?
66
What is the greatest common divisor of 156582252 and 144?
36
Calculate the greatest common divisor of 184320 and 182205.
45
What is the highest common factor of 59088775 and 129425?
4175
What is the highest common factor of 54097904 and 168?
56
Calculate the highest common divisor of 242 and 238652.
2
What is the greatest common divisor of 539289 and 2169?
9
Calculate the greatest common factor of 7025897 and 17287.
59
What is the highest common factor of 5270 and 706870?
10
What is the highest common divisor of 393823801 and 3766?
1883
Calculate the greatest common divisor of 144603812 and 3476.
316
Calculate the highest common factor of 14193024 and 1510272.
8832
What is the greatest common divisor of 21 and 75123755?
7
Calculate the highest common divisor of 524628 and 32.
4
Calculate the highest common factor of 264 and 5884791.
33
Calculate the greatest common divisor of 165 and 84372486.
33
Calculate the highest common factor of 469 and 34.
1
Calculate the greatest common factor of 624 and 29946936.
24
Calculate the greatest common divisor of 3503 and 3649227.
31
What is the greatest common divisor of 2399 and 202158932?
2399
What is the highest common factor of 50478 and 35579?
47
What is the highest common factor of 411418 and 1750?
14
Calculate the highest common factor of 1952775 and 1841.
263
Calculate the highest common divisor of 1116740 and 15.
5
Calculate the greatest common factor of 1845102 and 1974.
42
What is the highest common divisor of 16695 and 22060773?
3339
What is the highest common divisor of 1096047 and 1169001?
1737
What is the greatest common divisor of 995048 and 3944?
232
Calculate the greatest common divisor of 577184055 and 9030.
4515
Calculate the greatest common divisor of 148236556 and 236.
236
What is the greatest common factor of 29467581 and 39?
39
Calculate the highest common factor of 1957 and 679269.
19
Calculate the highest common divisor of 156 and 6660.
12
What is the highest common factor of 12223 and 2159?
17
Calculate the greatest common factor of 99682458 and 306.
102
Calculate the highest common divisor of 5792657 and 520.
13
What is the greatest common factor of 6817135 and 15?
5
Calculate the highest common divisor of 3663 and 495319.
407
What is the highest common factor of 1988 and 205968728?
1988
What is the highest common divisor of 2839166 and 159588?
682
What is the greatest common divisor of 111960 and 5960?
40
What is the greatest common divisor of 84 and 375798864?
84
Calculate the highest common factor of 456 and 2650899.
57
Calculate the highest common divisor of 70133 and 146587.
301
Calculate the highest common divisor of 1148001 and 700977.
417
What is the highest common divisor of 4082 and 11031605?
2041
Calculate the greatest common divisor of 1746225 and 33631.
2587
What is the highest common divisor of 2946625055 and 2035?
2035
What is the highest common divisor of 345 and 7097892?
69
Calculate the greatest common divisor of 16920228 and 624.
156
Calculate the highest common divisor of 76135150 and 4.
2
What is the greatest common divisor of 12201266 and 5698?
154
What is the highest common divisor of 226921250 and 10000?
1250
Calculate the highest common divisor of 4584 and 45849359.
191
What is the highest common divisor of 60147 and 128289?
123
Calculate the highest common factor of 26608 and 244.
4
Calculate the greatest common factor of 71891364 and 304.
76
What is the greatest common factor of 8 and 39115032?
8
What is the highest common factor of 88 and 7885174?
22
What is the highest common divisor of 1058434 and 416?
26
Calculate the greatest common divisor of 34438595 and 59.
59
Calculate the greatest common divisor of 79182 and 233894.
166
What is the greatest common divisor of 3864 and 117318768?
3864
What is the highest common divisor of 167190 and 1535?
5
Calculate the greatest common factor of 47526513 and 1299.
1299
Calculate the highest common divisor of 979032 and 2938.
226
What is the highest common divisor of 1645355 and 9057?
3019
Calculate the greatest common factor of 39956511 and 413.
413
What is the highest common factor of 119927444 and 1820?
364
Calculate the highest common factor of 42 and 11455104.
6
Calculate the highest common factor of 548 and 711826.
2
Calculate the highest common divisor of 2019 and 38030557.
673
Calculate the greatest common factor of 7789134 and 4692.
138
Calculate the greatest common divisor of 105 and 534695.
35
What is the highest common factor of 6371 and 6750767?
277
Calculate the greatest common factor of 542495676 and 6379.
6379
Calculate the greatest common divisor of 277 and 32971864.
277
What is the greatest common factor of 8192 and 461312?
512
What is the greatest common factor of 135528 and 14712?
24
Calculate the greatest common divisor of 67196 and 292.
4
Calculate the highest common divisor of 26000 and 265616.
208
Calculate the highest common divisor of 51519 and 170781.
39
What is the highest common divisor of 3220 and 4450880?
140
What is the greatest common factor of 1391626 and 10314?
382
Calculate the greatest common factor of 9887000 and 2000.
1000
What is the highest common divisor of 109652 and 3476?
316
Calculate the highest common factor of 14112533 and 2074.
1037
What is the highest common divisor of 1287615105 and 2241?
747
What is the greatest common divisor of 6612 and 117545700?
348
Calculate the highest common divisor of 1373187156 and 6294.
6294
What is the highest common divisor of 1930 and 7905666?
386
What is the highest common divisor of 2379 and 15179853?
39
What is the greatest common factor of 12636 and 673353?
243
What is the greatest common divisor of 877473 and 16281?
243
What is the highest common factor of 936 and 45856?
8
Calculate the highest common divisor of 65173925 and 305.
305
What is the greatest common factor of 54560 and 2376?
88
Calculate the highest common factor of 304949679 and 18404.
4601
What is the greatest common factor of 136 and 13122079?
17
Calculate the highest common divisor of 357766 and 12218.
82
What is the highest common divisor of 23569 and 449183?
49
Calculate the greatest common divisor of 120 and 15206160.
120
Calculate the greatest common divisor of 315258 and 54.
6
Calculate the greatest common divisor of 925136 and 199258.
134
Calculate the greatest common factor of 1710288 and 9.
9
Calculate the highest common divisor of 12125 and 1028.
1
Calculate the highest common factor of 1717375 and 505.
5
Calculate the greatest common factor of 77962717 and 7.
7
Calculate the greatest common divisor of 1774578 and 7722.
78
Calculate the greatest common factor of 20608 and 17411.
23
What is the highest common divisor of 858079418 and 14?
14
Calc